e
Let w = 151 - 147. Is (-19)/(114/12)*(-3194)/w composite?
False
Suppose -2*q - 56 = -6*q. Suppose -q*k = -4*k - 90. Suppose 5*a + 4*f = 785, -k = -2*a - 2*f + 303. Is a a composite number?
True
Let v be (-1312209)/(-5 - 4) + -5. Suppose 5*b - 33*b = -v. Is b prime?
False
Let h be 4/3*405/180. Suppose 7*l + 14558 = 11*l + 3*d, -4*d = -h*l + 10931. Is l a prime number?
False
Suppose -3*p + 32280 = 3*z, 5*p - 113*z - 53804 = -116*z. Is p a prime number?
False
Let m = -64 - -69. Let s(f) = -f + 8. Let x be s(6). Suppose 6*o - x*o - 5*t - 222 = 0, -m*t = -3*o + 169. Is o a prime number?
True
Let w be 4/22 - 130276/(-44). Suppose 3063 + w = 8*l. Suppose l = 6*b - 3453. Is b a composite number?
False
Let b(a) be the second derivative of -18*a**5/5 - a**4/6 - a**3/2 - 33*a**2/2 - 8*a. Is b(-4) a composite number?
True
Let g be (1452 + -1)*15/(-105)*-7. Let o be (-2718)/5 + 2/(-5). Let h = o + g. Is h prime?
True
Let l be (7 - (-7194)/(-12))*(-32)/3. Let v = -1401 + l. Is v a composite number?
False
Let i(f) = f**2 + 11*f. Let t(x) = x + 1. Let j(s) = i(s) - 6*t(s). Let k be j(-8). Is (-1 - (-339)/(-9))/((-12)/k) a composite number?
True
Let y(c) be the second derivative of 3*c**5/10 + 2*c**4/3 - c**3/3 - 5*c**2/2 - 62*c. Is y(6) a composite number?
False
Let m(t) = 260*t**2 + 180*t + 3. Let a be m(-5). Suppose 17718 = 5*g + a. Is g prime?
True
Let w = 344 + -344. Suppose -6*r - 12*r + 643554 = w. Is r prime?
True
Let l = -348204 + 513847. Is l prime?
False
Let x = -2136 - 1183. Is (-3)/(5 + 16598/x) a prime number?
True
Let b(t) = 28*t**2 - 18*t + 37. Let k(l) = -3*l + 47. Let z be k(11). Is b(z) a prime number?
True
Is -224691*((-180)/(-135) - (-11)/(-3)) composite?
True
Let p(y) = y**3 - 26*y**2 - 25*y - 51. Let g be p(27). Suppose -4*k = -4*t + 67264, -953 = 3*t + g*k - 51371. Is t prime?
True
Let u(r) be the first derivative of 129*r**2 - 85*r - 24. Is u(9) composite?
False
Suppose 0*i + 2*i + 6 = 5*s, -s + 25 = 3*i. Let v be (18/21)/3 - 65/i. Let h(y) = -y**3 + 2*y**2 + 9*y - 19. Is h(v) prime?
False
Suppose 0 = 7*k + 3591 - 7. Let p = k - -3093. Suppose -2*o = -5*d + 3664 + p, 4*d = -4*o + 4996. Is d a prime number?
True
Let m(f) be the second derivative of -f**5/20 - 11*f**4/12 - 19*f**3/6 - 5*f**2 - 14*f. Let k be m(-9). Is ((-651)/(-6) - k)*(-34)/(-3) prime?
False
Suppose 11*t - 18 = 8*t, -5*t + 588952 = 2*q. Is q a prime number?
True
Let l be 693 + (5/(-20))/((-1)/(-20)). Let d = l + 4095. Is d a composite number?
False
Is (-442080)/(-2) + 1 + 1 + 5 a composite number?
False
Is (-28)/21*(-51)/12*1077 a prime number?
False
Suppose 0*n + 2*n = -2, -2*f + 4*n + 106 = 0. Let u = 113 - f. Suppose -17*c - u = -19*c. Is c a composite number?
False
Let c(d) = -3*d**3 + 153*d**2 - 4*d + 419. Is c(51) prime?
False
Suppose 4*q - 2*q + 2882 = 4*b, -5*b = -q - 3610. Let j = 64 + b. Is j composite?
False
Let o(n) = -n**3 + 5*n**2 + n - 7. Let c be o(5). Let g = c + 5. Suppose 2*d - g*d = -3*k + 2051, -2*d = -2*k + 1362. Is k a prime number?
False
Suppose -5*f + v - 14204 = 0, 2*v + 3*v = -2*f - 5660. Let i be (6/5)/((-16)/f). Suppose -8*s + i = -7*s. Is s prime?
False
Suppose -7*h - t = -4*h + 7, 4*h = t - 14. Is 1404 + (-7 - (h + 3)) a composite number?
True
Let w = 14 - 9. Suppose -8*z + 3*t = -3*z - 87, -w*t = -3*z + 65. Is 15/25 - (-9456)/z composite?
False
Let r = 325960 - 137745. Is r a prime number?
False
Let c be 31634/(-8) - (-3)/(7 + 5). Suppose 3 - 13 = -2*j. Is ((-1)/6)/(j/10)*c prime?
False
Let t(x) = x**3 + 5*x**2 + 6*x + 2. Let n be ((-1)/(1 - 3))/(1/(-4)). Let q be t(n). Suppose -6*d + 3436 = -q*d. Is d a composite number?
False
Is (-5 - -3)*((-121478)/12)/(7/21) prime?
False
Suppose -5 - 67 = b. Is -181*11/(-9) - (-16)/b a prime number?
False
Let z = 12584 + 3758. Is z a prime number?
False
Suppose -99*k = -281553 - 511367 - 90457. Is k a prime number?
True
Let b(d) = 52*d - 47*d - 55*d + 46 - d**3 - 10*d**2. Is b(-21) a composite number?
True
Let b(d) = 54*d - 2. Suppose 20*p = 19*p + 6. Suppose p = 2*s + 2*r, 2*s - 3*r + 7*r = 8. Is b(s) composite?
True
Let z be 15/55 - (-514493)/77. Let c = z + -3869. Is c a composite number?
True
Suppose -3*t - 200 = -953. Suppose -66*c + 132 = -132. Suppose -c*z = -3*z - t. Is z a composite number?
False
Let f = 14223 + 6898. Is f a composite number?
False
Suppose -57*i + 260 = -25. Let w(q) = q**3 - 5*q**2 + 7. Let o be w(5). Suppose 2*y + 11662 = o*y + p, -i*y = -p - 11668. Is y composite?
False
Let u = -13604 - -29978. Suppose 42*l = 39*l + u. Is l composite?
True
Suppose -v + 126 - 158 = 0. Let g = v + 237. Is g composite?
True
Suppose 4*x + 2*x - 61002 = 0. Let k = -3820 + x. Is k a composite number?
True
Let s be 3 + -3 - (1 - 1). Suppose -4*g - 7999 = -s*t - t, 4*g = -3*t - 7987. Let i = -1148 - g. Is i prime?
False
Let a(o) = 119*o**2 - 12*o + 74. Let v(p) = -357*p**2 + 37*p - 222. Let s(q) = -11*a(q) - 4*v(q). Is s(7) a composite number?
True
Let a(n) = 1761*n**2 - 51*n + 377. Is a(8) a prime number?
False
Let f(q) = -3*q + 5. Let t be f(-1). Is 298*(-3 + 76/t) a composite number?
True
Let t(d) = 58*d - 7. Let f(s) be the first derivative of s**4/4 - 5*s**3/3 - s**2 - 13*s - 20. Let z be f(6). Is t(z) a composite number?
False
Let p be (-2 + 4 + -2)/1 + -5. Is 68*(3 + 35) - (-15)/p prime?
False
Let q = 32 + -33. Let i be ((-1986)/18)/(2/18*q). Is i - ((-15)/10)/(6/(-8)) a prime number?
True
Suppose -3*q = 3*p - 703086, -3211*q + 2*p = -3208*q - 703081. Is q prime?
True
Suppose -4*f + 172348 = -2*o, -4*f + 5*f = o + 43088. Suppose 5*k + 0*k - 53851 = -2*q, -f = -4*k + q. Is k a prime number?
True
Suppose -18 = -47*f + 44*f. Suppose f*d - 8869 = -d. Is d prime?
False
Let w = 216 + -96. Suppose -4*h - w = -0*h. Is (-3974)/(-12) - (-5)/(h + 0) a prime number?
True
Let r(j) = -36*j**2 + 13*j + 1. Let c(y) = -71*y**2 + 29*y. Let z(q) = 2*c(q) - 5*r(q). Suppose -2*o + 0*o = -5*i - 18, -o - 1 = 0. Is z(i) composite?
False
Suppose 0 = o + 5*k - 9, 2*o + 3 = -3*k - 0. Let d(c) = 17 + 3*c**3 + 10*c**3 - 15*c**3 - 3*c**2 - 6*c - 4. Is d(o) a composite number?
False
Suppose -x - 340 = -11*x. Suppose -4*v = -2*d + x, -d - 5*v + 1 = -23. Suppose 18*r = d*r - 815. Is r prime?
False
Let j = 106 + -30. Let r = j + -70. Suppose 0 = 3*w - r*w + 2721. Is w prime?
True
Let t(g) = 1395*g**2 + 30*g - 58. Is t(-8) composite?
True
Suppose 5*u - 4*k = 594281, -37940 = -4*u - 3*k + 437522. Is u a prime number?
True
Let t(z) = z**3 - z**2 - 2*z + 4. Let s be t(0). Suppose 0*j = s*v - 4*j - 864, -3*j - 437 = -2*v. Is v a prime number?
True
Let s be (-2)/3*(-126)/28 - 3. Suppose -5*i - 4*r = 0, i - 29 = 5*r - 0*r. Suppose i*o - 452 = -s*o. Is o composite?
False
Let u be (-24)/(-36)*(-18)/(-4)*1. Suppose -2*c + 5585 = 3*a, -3*a - u*c + 2868 = -2718. Is a a prime number?
True
Let i = -1367 + 4567. Let c = i - 1101. Is c a prime number?
True
Suppose 5*y = 89*j - 86*j + 815965, 5*j - 326386 = -2*y. Is y a prime number?
True
Let o(m) = -189*m + 14. Let t(i) = 94*i - 7. Let x(u) = -2*o(u) - 5*t(u). Let s be x(-3). Let g = s + -141. Is g a prime number?
False
Let g(i) = i**3 - 17*i**2 - 10*i + 38. Let b be g(13). Let k = -341 - b. Is k prime?
False
Suppose 9*f + 16*f - 776280 = f. Is f prime?
False
Suppose 627873 = 5*m - 4*t, -5*m + 64*t = 66*t - 627861. Is m composite?
True
Suppose -379 = -3*z + 467. Let j = 485 - z. Is j a composite number?
True
Is ((-10)/(-6) + -2517 + 12)/(4/(-6)) prime?
False
Let s(w) = -3*w. Let k be s(-2). Suppose 0 = -k*i + i + 20. Is (i - 6)/(4/(-254)) composite?
False
Let b(z) = 4*z + 118. Let o be b(-25). Suppose o*h - 42702 = 12*h. Is h a composite number?
True
Let k(a) = a**2 + 6*a + 19. Let v = -41 - -121. Suppose 14*z = 6*z + v. Is k(z) a prime number?
True
Let w(k) = 10*k + 76. Let h be w(-8). Let j(a) = 72*a**2 - 4 + 3 - 2 - 4*a - 21*a**2. Is j(h) composite?
False
Let h be 1/((-33)/(-6) + -5) + 4. Is -1*(-3)/h*(18624 - 2) a composite number?
False
Let i(j) = 5*j**2 + 7*j + 10. Let w be i(-6). Let v be (519/(-4))/((-2)/8). Let k = w + v. Is k composite?
True
Suppose -5*z = 28*h - 31*h - 258, -4*h = -2*z + 92. Suppose z*s = 56*s - 2302. Is s a prime number?
True
Is (-1417307)/68*(-9 - -5) prime?
False
Let w(b) = 372*b - 396*b - 3*b**2 + b**3 - 4*b**2 - 1 + 2*b**2. Is w(10) a prime number?
F